{"version":"1.0","provider_name":"","provider_url":"https:\/\/renatodias.online\/movimento","title":"Policarpo viabiliza reforma no Vila Nova -","type":"rich","width":600,"height":338,"html":"<blockquote class=\"wp-embedded-content\" data-secret=\"wFF6PLVOfA\"><a href=\"https:\/\/renatodias.online\/movimento\/2024\/04\/06\/policarpo-viabiliza-reforma-no-vila-nova\/\">Policarpo viabiliza reforma no Vila Nova<\/a><\/blockquote><iframe sandbox=\"allow-scripts\" security=\"restricted\" src=\"https:\/\/renatodias.online\/movimento\/2024\/04\/06\/policarpo-viabiliza-reforma-no-vila-nova\/embed\/#?secret=wFF6PLVOfA\" width=\"600\" height=\"338\" title=\"&#8220;Policarpo viabiliza reforma no Vila Nova&#8221; &#8212; \" data-secret=\"wFF6PLVOfA\" frameborder=\"0\" marginwidth=\"0\" marginheight=\"0\" scrolling=\"no\" class=\"wp-embedded-content\"><\/iframe><script type=\"text\/javascript\">\n\/* <![CDATA[ *\/\n\/*! This file is auto-generated *\/\n!function(d,l){\"use strict\";l.querySelector&&d.addEventListener&&\"undefined\"!=typeof URL&&(d.wp=d.wp||{},d.wp.receiveEmbedMessage||(d.wp.receiveEmbedMessage=function(e){var t=e.data;if((t||t.secret||t.message||t.value)&&!\/[^a-zA-Z0-9]\/.test(t.secret)){for(var s,r,n,a=l.querySelectorAll('iframe[data-secret=\"'+t.secret+'\"]'),o=l.querySelectorAll('blockquote[data-secret=\"'+t.secret+'\"]'),c=new RegExp(\"^https?:$\",\"i\"),i=0;i<o.length;i++)o[i].style.display=\"none\";for(i=0;i<a.length;i++)s=a[i],e.source===s.contentWindow&&(s.removeAttribute(\"style\"),\"height\"===t.message?(1e3<(r=parseInt(t.value,10))?r=1e3:~~r<200&&(r=200),s.height=r):\"link\"===t.message&&(r=new URL(s.getAttribute(\"src\")),n=new URL(t.value),c.test(n.protocol))&&n.host===r.host&&l.activeElement===s&&(d.top.location.href=t.value))}},d.addEventListener(\"message\",d.wp.receiveEmbedMessage,!1),l.addEventListener(\"DOMContentLoaded\",function(){for(var e,t,s=l.querySelectorAll(\"iframe.wp-embedded-content\"),r=0;r<s.length;r++)(t=(e=s[r]).getAttribute(\"data-secret\"))||(t=Math.random().toString(36).substring(2,12),e.src+=\"#?secret=\"+t,e.setAttribute(\"data-secret\",t)),e.contentWindow.postMessage({message:\"ready\",secret:t},\"*\")},!1)))}(window,document);\n\/* ]]> *\/\n<\/script>\n","thumbnail_url":"https:\/\/renatodias.online\/movimento\/wp-content\/uploads\/2024\/04\/Romario-Policarpo-e1712452548251.jpg","thumbnail_width":700,"thumbnail_height":466,"description":"Da parte administrativa da sede Al\u00e9m da constru\u00e7\u00e3o do Espa\u00e7o de Conviv\u00eancia no OBA Presidente da C\u00e2mara Municipal de Goi\u00e2nia \u00e9 dirigente da equipe desde 2020 e, de l\u00e1 para c\u00e1, participou ativamente nas reformas e constru\u00e7\u00f5es do clube colorado Desde 2020, a atual gest\u00e3o diretiva do Vila Nova \u00e9 marcada, tamb\u00e9m, pelas melhorias estruturais"}

Da parte administrativa da sede Além da construção do Espaço de Convivência no OBA Presidente da Câmara Municipal de Goiânia é dirigente da equipe desde 2020 e, de lá para cá, participou ativamente nas reformas e construções do clube colorado Desde 2020, a atual gestão diretiva do Vila Nova é marcada, também, pelas melhorias estruturais
