{"version":"1.0","provider_name":"","provider_url":"https:\/\/renatodias.online\/movimento","title":"Precisamos falar sobre o Gustavo Gayer\u00a0 -","type":"rich","width":600,"height":338,"html":"<blockquote class=\"wp-embedded-content\" data-secret=\"EKFMIsndPE\"><a href=\"https:\/\/renatodias.online\/movimento\/2023\/06\/29\/precisamos-falar-sobre-o-gustavo-gayer\/\"><strong>Precisamos falar sobre o Gustavo Gayer\u00a0<\/strong><\/a><\/blockquote><iframe sandbox=\"allow-scripts\" security=\"restricted\" src=\"https:\/\/renatodias.online\/movimento\/2023\/06\/29\/precisamos-falar-sobre-o-gustavo-gayer\/embed\/#?secret=EKFMIsndPE\" width=\"600\" height=\"338\" title=\"&#8220;&lt;strong&gt;Precisamos falar sobre o Gustavo Gayer\u00a0&lt;\/strong&gt;&#8221; &#8212; \" data-secret=\"EKFMIsndPE\" frameborder=\"0\" marginwidth=\"0\" marginheight=\"0\" scrolling=\"no\" class=\"wp-embedded-content\"><\/iframe><script type=\"text\/javascript\">\n\/* <![CDATA[ *\/\n\/*! This file is auto-generated *\/\n!function(d,l){\"use strict\";l.querySelector&&d.addEventListener&&\"undefined\"!=typeof URL&&(d.wp=d.wp||{},d.wp.receiveEmbedMessage||(d.wp.receiveEmbedMessage=function(e){var t=e.data;if((t||t.secret||t.message||t.value)&&!\/[^a-zA-Z0-9]\/.test(t.secret)){for(var s,r,n,a=l.querySelectorAll('iframe[data-secret=\"'+t.secret+'\"]'),o=l.querySelectorAll('blockquote[data-secret=\"'+t.secret+'\"]'),c=new RegExp(\"^https?:$\",\"i\"),i=0;i<o.length;i++)o[i].style.display=\"none\";for(i=0;i<a.length;i++)s=a[i],e.source===s.contentWindow&&(s.removeAttribute(\"style\"),\"height\"===t.message?(1e3<(r=parseInt(t.value,10))?r=1e3:~~r<200&&(r=200),s.height=r):\"link\"===t.message&&(r=new URL(s.getAttribute(\"src\")),n=new URL(t.value),c.test(n.protocol))&&n.host===r.host&&l.activeElement===s&&(d.top.location.href=t.value))}},d.addEventListener(\"message\",d.wp.receiveEmbedMessage,!1),l.addEventListener(\"DOMContentLoaded\",function(){for(var e,t,s=l.querySelectorAll(\"iframe.wp-embedded-content\"),r=0;r<s.length;r++)(t=(e=s[r]).getAttribute(\"data-secret\"))||(t=Math.random().toString(36).substring(2,12),e.src+=\"#?secret=\"+t,e.setAttribute(\"data-secret\",t)),e.contentWindow.postMessage({message:\"ready\",secret:t},\"*\")},!1)))}(window,document);\n\/* ]]> *\/\n<\/script>\n","thumbnail_url":"https:\/\/renatodias.online\/movimento\/wp-content\/uploads\/2023\/06\/Gustavo-Gayer-Arte-e1688067242970.jpg","thumbnail_width":800,"thumbnail_height":450,"description":"Renato Dias O deputado federal Gustavo Gayer [PL Goi\u00e1s] \u00e9 um colecionador. De crimes. Veja: os dois \u00faltimos de racismo e misoginia. O parlamentar diz que os africanos t\u00eam d\u00e9ficit cognitivo, o que implicaria na aus\u00eancia de democracia no extenso continente. Mentira. Soci\u00f3logo, um professor do ensino m\u00e9dio do Col\u00e9gio Vis\u00e3o,&nbsp;Goi\u00e2nia, Osvaldo Machado, foi demitido"}

Renato Dias O deputado federal Gustavo Gayer [PL Goiás] é um colecionador. De crimes. Veja: os dois últimos de racismo e misoginia. O parlamentar diz que os africanos têm déficit cognitivo, o que implicaria na ausência de democracia no extenso continente. Mentira. Sociólogo, um professor do ensino médio do Colégio Visão,&nbsp;Goiânia, Osvaldo Machado, foi demitido
