{"version":"1.0","provider_name":"","provider_url":"https:\/\/renatodias.online\/movimento","title":"A ditadura salazarista -","type":"rich","width":600,"height":338,"html":"<blockquote class=\"wp-embedded-content\" data-secret=\"eH9wjj4tYQ\"><a href=\"https:\/\/renatodias.online\/movimento\/2021\/08\/15\/a-ditadura-salazarista\/\">A ditadura salazarista<\/a><\/blockquote><iframe sandbox=\"allow-scripts\" security=\"restricted\" src=\"https:\/\/renatodias.online\/movimento\/2021\/08\/15\/a-ditadura-salazarista\/embed\/#?secret=eH9wjj4tYQ\" width=\"600\" height=\"338\" title=\"&#8220;A ditadura salazarista&#8221; &#8212; \" data-secret=\"eH9wjj4tYQ\" frameborder=\"0\" marginwidth=\"0\" marginheight=\"0\" scrolling=\"no\" class=\"wp-embedded-content\"><\/iframe><script type=\"text\/javascript\">\n\/* <![CDATA[ *\/\n\/*! This file is auto-generated *\/\n!function(d,l){\"use strict\";l.querySelector&&d.addEventListener&&\"undefined\"!=typeof URL&&(d.wp=d.wp||{},d.wp.receiveEmbedMessage||(d.wp.receiveEmbedMessage=function(e){var t=e.data;if((t||t.secret||t.message||t.value)&&!\/[^a-zA-Z0-9]\/.test(t.secret)){for(var s,r,n,a=l.querySelectorAll('iframe[data-secret=\"'+t.secret+'\"]'),o=l.querySelectorAll('blockquote[data-secret=\"'+t.secret+'\"]'),c=new RegExp(\"^https?:$\",\"i\"),i=0;i<o.length;i++)o[i].style.display=\"none\";for(i=0;i<a.length;i++)s=a[i],e.source===s.contentWindow&&(s.removeAttribute(\"style\"),\"height\"===t.message?(1e3<(r=parseInt(t.value,10))?r=1e3:~~r<200&&(r=200),s.height=r):\"link\"===t.message&&(r=new URL(s.getAttribute(\"src\")),n=new URL(t.value),c.test(n.protocol))&&n.host===r.host&&l.activeElement===s&&(d.top.location.href=t.value))}},d.addEventListener(\"message\",d.wp.receiveEmbedMessage,!1),l.addEventListener(\"DOMContentLoaded\",function(){for(var e,t,s=l.querySelectorAll(\"iframe.wp-embedded-content\"),r=0;r<s.length;r++)(t=(e=s[r]).getAttribute(\"data-secret\"))||(t=Math.random().toString(36).substring(2,12),e.src+=\"#?secret=\"+t,e.setAttribute(\"data-secret\",t)),e.contentWindow.postMessage({message:\"ready\",secret:t},\"*\")},!1)))}(window,document);\n\/* ]]> *\/\n<\/script>\n","thumbnail_url":"https:\/\/renatodias.online\/movimento\/wp-content\/uploads\/2020\/08\/2-Live-Val\u00e9rio-Arcary-Psol-e1632754849143.jpg","thumbnail_width":250,"thumbnail_height":159,"description":"A ditadura salazarista Valerio Arcary Cinquenta anos atr\u00e1s, em 1971, aos quinze anos, fui expulso do Liceu Pedro Nunes em Lisboa. Meu \u201cbatismo pol\u00edtico\u201d. Foi uma expuls\u00e3o branda, porque convidado, depois de uma negocia\u00e7\u00e3o quando descobriram que minha m\u00e3e trabalhava na Embaixada do Brasil, a n\u00e3o me matricular no ano seguinte. N\u00e3o era sen\u00e3o um"}

https://renatodias.online/movimento/wp-content/uploads/2020/08/2-Live-Valério-Arcary-Psol-e1632754849143.jpg

A ditadura salazarista Valerio Arcary Cinquenta anos atrás, em 1971, aos quinze anos, fui expulso do Liceu Pedro Nunes em Lisboa. Meu “batismo político”. Foi uma expulsão branda, porque convidado, depois de uma negociação quando descobriram que minha mãe trabalhava na Embaixada do Brasil, a não me matricular no ano seguinte. Não era senão um
