{"version":"1.0","provider_name":"","provider_url":"https:\/\/renatodias.online\/movimento","title":"Desaparecimento de pessoas e a psiqu\u00ea -","type":"rich","width":600,"height":338,"html":"<blockquote class=\"wp-embedded-content\" data-secret=\"Ae92jTqBlX\"><a href=\"https:\/\/renatodias.online\/movimento\/2021\/06\/21\/7382\/\">Desaparecimento de pessoas e a psiqu\u00ea<\/a><\/blockquote><iframe sandbox=\"allow-scripts\" security=\"restricted\" src=\"https:\/\/renatodias.online\/movimento\/2021\/06\/21\/7382\/embed\/#?secret=Ae92jTqBlX\" width=\"600\" height=\"338\" title=\"&#8220;Desaparecimento de pessoas e a psiqu\u00ea&#8221; &#8212; \" data-secret=\"Ae92jTqBlX\" frameborder=\"0\" marginwidth=\"0\" marginheight=\"0\" scrolling=\"no\" class=\"wp-embedded-content\"><\/iframe><script type=\"text\/javascript\">\n\/* <![CDATA[ *\/\n\/*! This file is auto-generated *\/\n!function(d,l){\"use strict\";l.querySelector&&d.addEventListener&&\"undefined\"!=typeof URL&&(d.wp=d.wp||{},d.wp.receiveEmbedMessage||(d.wp.receiveEmbedMessage=function(e){var t=e.data;if((t||t.secret||t.message||t.value)&&!\/[^a-zA-Z0-9]\/.test(t.secret)){for(var s,r,n,a=l.querySelectorAll('iframe[data-secret=\"'+t.secret+'\"]'),o=l.querySelectorAll('blockquote[data-secret=\"'+t.secret+'\"]'),c=new RegExp(\"^https?:$\",\"i\"),i=0;i<o.length;i++)o[i].style.display=\"none\";for(i=0;i<a.length;i++)s=a[i],e.source===s.contentWindow&&(s.removeAttribute(\"style\"),\"height\"===t.message?(1e3<(r=parseInt(t.value,10))?r=1e3:~~r<200&&(r=200),s.height=r):\"link\"===t.message&&(r=new URL(s.getAttribute(\"src\")),n=new URL(t.value),c.test(n.protocol))&&n.host===r.host&&l.activeElement===s&&(d.top.location.href=t.value))}},d.addEventListener(\"message\",d.wp.receiveEmbedMessage,!1),l.addEventListener(\"DOMContentLoaded\",function(){for(var e,t,s=l.querySelectorAll(\"iframe.wp-embedded-content\"),r=0;r<s.length;r++)(t=(e=s[r]).getAttribute(\"data-secret\"))||(t=Math.random().toString(36).substring(2,12),e.src+=\"#?secret=\"+t,e.setAttribute(\"data-secret\",t)),e.contentWindow.postMessage({message:\"ready\",secret:t},\"*\")},!1)))}(window,document);\n\/* ]]> *\/\n<\/script>\n","thumbnail_url":"https:\/\/renatodias.online\/movimento\/wp-content\/uploads\/2021\/06\/Cartaz-do-Necrivi-e1624329525636.jpg","thumbnail_width":300,"thumbnail_height":300,"description":"Desaparecimento de pessoas e a psiqu\u00ea Conversa virtual dia 28, \u00e0s 10h, YouTube, FCS da UFG Renato Dias As implica\u00e7\u00f5es psicossociais dos desaparecimentos de pessoas constituem item de pauta de conversa online, virtual, dia 28 de junho, segunda-feira. Hor\u00e1rio: \u00e0s 10h. Uma promo\u00e7\u00e3o do N\u00facleo de Estudos sobre a Criminalidade e a Viol\u00eancia. O NECRIVI."}

Desaparecimento de pessoas e a psiquê -

<blockquote class="wp-embedded-content" data-secret="Ae92jTqBlX"><a href="https://renatodias.online/movimento/2021/06/21/7382/">Desaparecimento de pessoas e a psiquê</a></blockquote><iframe sandbox="allow-scripts" security="restricted" src="https://renatodias.online/movimento/2021/06/21/7382/embed/#?secret=Ae92jTqBlX" width="600" height="338" title="&#8220;Desaparecimento de pessoas e a psiquê&#8221; &#8212; " data-secret="Ae92jTqBlX" frameborder="0" marginwidth="0" marginheight="0" scrolling="no" class="wp-embedded-content"></iframe><script type="text/javascript">
/* <![CDATA[ */
/*! This file is auto-generated */
!function(d,l){"use strict";l.querySelector&&d.addEventListener&&"undefined"!=typeof URL&&(d.wp=d.wp||{},d.wp.receiveEmbedMessage||(d.wp.receiveEmbedMessage=function(e){var t=e.data;if((t||t.secret||t.message||t.value)&&!/[^a-zA-Z0-9]/.test(t.secret)){for(var s,r,n,a=l.querySelectorAll('iframe[data-secret="'+t.secret+'"]'),o=l.querySelectorAll('blockquote[data-secret="'+t.secret+'"]'),c=new RegExp("^https?:$","i"),i=0;i<o.length;i++)o[i].style.display="none";for(i=0;i<a.length;i++)s=a[i],e.source===s.contentWindow&&(s.removeAttribute("style"),"height"===t.message?(1e3<(r=parseInt(t.value,10))?r=1e3:~~r<200&&(r=200),s.height=r):"link"===t.message&&(r=new URL(s.getAttribute("src")),n=new URL(t.value),c.test(n.protocol))&&n.host===r.host&&l.activeElement===s&&(d.top.location.href=t.value))}},d.addEventListener("message",d.wp.receiveEmbedMessage,!1),l.addEventListener("DOMContentLoaded",function(){for(var e,t,s=l.querySelectorAll("iframe.wp-embedded-content"),r=0;r<s.length;r++)(t=(e=s[r]).getAttribute("data-secret"))||(t=Math.random().toString(36).substring(2,12),e.src+="#?secret="+t,e.setAttribute("data-secret",t)),e.contentWindow.postMessage({message:"ready",secret:t},"*")},!1)))}(window,document);
/* ]]> */
</script>

Desaparecimento de pessoas e a psiquê Conversa virtual dia 28, às 10h, YouTube, FCS da UFG Renato Dias As implicações psicossociais dos desaparecimentos de pessoas constituem item de pauta de conversa online, virtual, dia 28 de junho, segunda-feira. Horário: às 10h. Uma promoção do Núcleo de Estudos sobre a Criminalidade e a Violência. O NECRIVI.
