{"version":"1.0","provider_name":"","provider_url":"https:\/\/renatodias.online\/movimento","title":"Um pai legal para caramba -","type":"rich","width":600,"height":338,"html":"<blockquote class=\"wp-embedded-content\" data-secret=\"QF1iR4tCkc\"><a href=\"https:\/\/renatodias.online\/movimento\/2020\/08\/07\/um-pai-legal-para-caramba\/\">Um pai legal para caramba<\/a><\/blockquote><iframe sandbox=\"allow-scripts\" security=\"restricted\" src=\"https:\/\/renatodias.online\/movimento\/2020\/08\/07\/um-pai-legal-para-caramba\/embed\/#?secret=QF1iR4tCkc\" width=\"600\" height=\"338\" title=\"&#8220;Um pai legal para caramba&#8221; &#8212; \" data-secret=\"QF1iR4tCkc\" frameborder=\"0\" marginwidth=\"0\" marginheight=\"0\" scrolling=\"no\" class=\"wp-embedded-content\"><\/iframe><script type=\"text\/javascript\">\n\/* <![CDATA[ *\/\n\/*! This file is auto-generated *\/\n!function(d,l){\"use strict\";l.querySelector&&d.addEventListener&&\"undefined\"!=typeof URL&&(d.wp=d.wp||{},d.wp.receiveEmbedMessage||(d.wp.receiveEmbedMessage=function(e){var t=e.data;if((t||t.secret||t.message||t.value)&&!\/[^a-zA-Z0-9]\/.test(t.secret)){for(var s,r,n,a=l.querySelectorAll('iframe[data-secret=\"'+t.secret+'\"]'),o=l.querySelectorAll('blockquote[data-secret=\"'+t.secret+'\"]'),c=new RegExp(\"^https?:$\",\"i\"),i=0;i<o.length;i++)o[i].style.display=\"none\";for(i=0;i<a.length;i++)s=a[i],e.source===s.contentWindow&&(s.removeAttribute(\"style\"),\"height\"===t.message?(1e3<(r=parseInt(t.value,10))?r=1e3:~~r<200&&(r=200),s.height=r):\"link\"===t.message&&(r=new URL(s.getAttribute(\"src\")),n=new URL(t.value),c.test(n.protocol))&&n.host===r.host&&l.activeElement===s&&(d.top.location.href=t.value))}},d.addEventListener(\"message\",d.wp.receiveEmbedMessage,!1),l.addEventListener(\"DOMContentLoaded\",function(){for(var e,t,s=l.querySelectorAll(\"iframe.wp-embedded-content\"),r=0;r<s.length;r++)(t=(e=s[r]).getAttribute(\"data-secret\"))||(t=Math.random().toString(36).substring(2,12),e.src+=\"#?secret=\"+t,e.setAttribute(\"data-secret\",t)),e.contentWindow.postMessage({message:\"ready\",secret:t},\"*\")},!1)))}(window,document);\n\/* ]]> *\/\n<\/script>\n","thumbnail_url":"https:\/\/renatodias.online\/movimento\/wp-content\/uploads\/2020\/08\/Exclusivo-Logo-de-capa.jpg","thumbnail_width":512,"thumbnail_height":470,"description":"E X C L U S I V O Domingo _ 9 de agosto de 2020 Um pai legal para caramba Perfis de Jardel Sebba, Haendel Bittes, S\u00e9rgio Borges Lucas, Hermes Traldi, Silvino Ant\u00f4nio Dias Batista, Geraldo do Esp\u00edrito Santo Foga\u00e7a de Almeida, Fausto Jaime, Euler Ivo Vieira,\u00a0 Reinaldo Assis Pantale\u00e3o, Abr\u00e3o Amisy Neto, Paulo"}

E X C L U S I V O Domingo _ 9 de agosto de 2020 Um pai legal para caramba Perfis de Jardel Sebba, Haendel Bittes, Sérgio Borges Lucas, Hermes Traldi, Silvino Antônio Dias Batista, Geraldo do Espírito Santo Fogaça de Almeida, Fausto Jaime, Euler Ivo Vieira,  Reinaldo Assis Pantaleão, Abrão Amisy Neto, Paulo
