{"version":"1.0","provider_name":"","provider_url":"https:\/\/renatodias.online\/movimento","title":"55 anos depois Finados sem 'luto' aos desaparecidos -","type":"rich","width":600,"height":338,"html":"<blockquote class=\"wp-embedded-content\" data-secret=\"J5L7Eh4kIS\"><a href=\"https:\/\/renatodias.online\/movimento\/2019\/11\/02\/mesmo-50-anos-depois-aos-desaparecidos\/\">55 anos depois Finados sem &#8216;luto&#8217; aos desaparecidos<\/a><\/blockquote><iframe sandbox=\"allow-scripts\" security=\"restricted\" src=\"https:\/\/renatodias.online\/movimento\/2019\/11\/02\/mesmo-50-anos-depois-aos-desaparecidos\/embed\/#?secret=J5L7Eh4kIS\" width=\"600\" height=\"338\" title=\"&#8220;55 anos depois Finados sem &#8216;luto&#8217; aos desaparecidos&#8221; &#8212; \" data-secret=\"J5L7Eh4kIS\" frameborder=\"0\" marginwidth=\"0\" marginheight=\"0\" scrolling=\"no\" class=\"wp-embedded-content\"><\/iframe><script type=\"text\/javascript\">\n\/* <![CDATA[ *\/\n\/*! This file is auto-generated *\/\n!function(d,l){\"use strict\";l.querySelector&&d.addEventListener&&\"undefined\"!=typeof URL&&(d.wp=d.wp||{},d.wp.receiveEmbedMessage||(d.wp.receiveEmbedMessage=function(e){var t=e.data;if((t||t.secret||t.message||t.value)&&!\/[^a-zA-Z0-9]\/.test(t.secret)){for(var s,r,n,a=l.querySelectorAll('iframe[data-secret=\"'+t.secret+'\"]'),o=l.querySelectorAll('blockquote[data-secret=\"'+t.secret+'\"]'),c=new RegExp(\"^https?:$\",\"i\"),i=0;i<o.length;i++)o[i].style.display=\"none\";for(i=0;i<a.length;i++)s=a[i],e.source===s.contentWindow&&(s.removeAttribute(\"style\"),\"height\"===t.message?(1e3<(r=parseInt(t.value,10))?r=1e3:~~r<200&&(r=200),s.height=r):\"link\"===t.message&&(r=new URL(s.getAttribute(\"src\")),n=new URL(t.value),c.test(n.protocol))&&n.host===r.host&&l.activeElement===s&&(d.top.location.href=t.value))}},d.addEventListener(\"message\",d.wp.receiveEmbedMessage,!1),l.addEventListener(\"DOMContentLoaded\",function(){for(var e,t,s=l.querySelectorAll(\"iframe.wp-embedded-content\"),r=0;r<s.length;r++)(t=(e=s[r]).getAttribute(\"data-secret\"))||(t=Math.random().toString(36).substring(2,12),e.src+=\"#?secret=\"+t,e.setAttribute(\"data-secret\",t)),e.contentWindow.postMessage({message:\"ready\",secret:t},\"*\")},!1)))}(window,document);\n\/* ]]> *\/\n<\/script>\n","thumbnail_url":"https:\/\/renatodias.online\/movimento\/wp-content\/uploads\/2019\/11\/Diretas-j\u00e1-1-online.jpg","thumbnail_width":652,"thumbnail_height":408,"description":"Exclusivo Mesmo 50 anos depois sem &#8216;luto&#8217; aos desaparecidos Patrim\u00f4nio imaterial da humanidade, o direito de sepultar e chorar pelos seus mortos\u00e9 negado, no Brasil, com anu\u00eancia do Supremo Tribunal Federal, o STF Quem ir\u00e1 chorar por Miguel Pereira dos Santos, Fernando Santa Cruz, Maria Augusta Thomaz, Marcos Ant\u00f4nio Dias Batista, Paulo de Tarso Celestino"}

https://renatodias.online/movimento/wp-content/uploads/2019/11/Diretas-já-1-online.jpg

Exclusivo Mesmo 50 anos depois sem &#8216;luto&#8217; aos desaparecidos Patrimônio imaterial da humanidade, o direito de sepultar e chorar pelos seus mortosé negado, no Brasil, com anuência do Supremo Tribunal Federal, o STF Quem irá chorar por Miguel Pereira dos Santos, Fernando Santa Cruz, Maria Augusta Thomaz, Marcos Antônio Dias Batista, Paulo de Tarso Celestino
